{"id":11269,"date":"2019-10-02T19:34:22","date_gmt":"2019-10-02T17:34:22","guid":{"rendered":"http:\/\/woerrlein-naturfoto.de\/wordpress\/?page_id=11269"},"modified":"2022-07-20T15:16:57","modified_gmt":"2022-07-20T13:16:57","slug":"wundklee-blaeuling","status":"publish","type":"page","link":"https:\/\/woerrlein-naturfoto.de\/wordpress\/blaeulinge-a-z\/wundklee-blaeuling\/","title":{"rendered":"Wundklee-Bl\u00e4uling"},"content":{"rendered":"<p><a href=\"http:\/\/woerrlein-naturfoto.de\/wordpress\/insekten\/\"><span style=\"color: #ffff66;\">Insekten<\/span> <\/a>-&gt;<a href=\"http:\/\/woerrlein-naturfoto.de\/wordpress\/hauptseite-insekten\/insekten\/schmetterlinge-2\/\"> <span style=\"color: #ffff66;\">Schmetterlinge<\/span><\/a><br \/>\n<a title=\"Insekten A-Z\" href=\"http:\/\/woerrlein-naturfoto.de\/wordpress\/insekten-a-z\/\">Insekten von A-Z<\/a><br \/>\nzur Galerie <a href=\"https:\/\/woerrlein-naturfoto.de\/wordpress\/hauptseite-insekten\/insekten\/schmetterlinge-2\/blaeulinge\/\">Bl\u00e4ulinge I<\/a><\/p>\n<p><img loading=\"lazy\" decoding=\"async\" class=\"alignleft wp-image-11255\" src=\"http:\/\/woerrlein-naturfoto.de\/wordpress\/wp-content\/uploads\/2019\/10\/Wundkleeblaeuling_AW_59007_3275x4912-400x600.jpg\" alt=\"\" width=\"267\" height=\"400\" srcset=\"https:\/\/woerrlein-naturfoto.de\/wordpress\/wp-content\/uploads\/2019\/10\/Wundkleeblaeuling_AW_59007_3275x4912-400x600.jpg 400w, https:\/\/woerrlein-naturfoto.de\/wordpress\/wp-content\/uploads\/2019\/10\/Wundkleeblaeuling_AW_59007_3275x4912.jpg 567w\" sizes=\"auto, (max-width: 267px) 100vw, 267px\" \/>Der <b>Wundklee-Bl\u00e4uling<\/b> (<i>Polyommatus dorylas<\/i>) ist ein Schmetterling aus der Familie der Bl\u00e4ulinge. Er wird gelegentlich auch als Steinklee-Bl\u00e4uling bezeichnet, was aber v\u00f6llig irref\u00fchrend ist.<br \/>\nDer Wundklee-Bl\u00e4uling ist ein recht gro\u00dfer Bl\u00e4uling, der sich wie viele andere Bl\u00e4ulinge durch einen ausgepr\u00e4gten Sexualdichroismus auszeichnet. Die Fl\u00fcgeloberseiten sind durch einen breiten wei\u00dflich bis cremefarben gef\u00e4rbten Saum gekennzeichnet. Die Fl\u00fcgeloberseiten der M\u00e4nnchen sind leuchtend blau, die der Weibchen sind braun gef\u00e4rbt. Auf der Hinterfl\u00fcgelunterseite befindet sich ein heller keilf\u00f6rmiger ungezeichneter Bereich. Zusammen mit der Anordnung der Flecke dient er als Unterscheidungsmerkmal.<br \/>\nZum Lebensraum des Wundklee-Bl\u00e4ulings z\u00e4hlen in tieferen Lagen grasige, bl\u00fctenreiche Stellen zwischen Str\u00e4uchern. Im Hochgebirge sind es dagegen gesch\u00fctzte Senken und freie Grash\u00e4nge.<\/p>\n<p><strong>Flugzeit:<\/strong>\u00a0\u00a0\u00a0\u00a0 Mai bis Juni und Juli bis August, in zwei Generationen.<\/p>\n<p>Zur Galerie <a href=\"https:\/\/woerrlein-naturfoto.de\/wordpress\/hauptseite-insekten\/insekten\/schmetterlinge-2\/blaeulinge\/\">Bl\u00e4ulinge I<\/a><\/p>\n<p><em>Quelle des Textauszuges und weitere Infos bei <\/em><a href=\"https:\/\/de.wikipedia.org\/wiki\/Wundklee-Bl%C3%A4uling\" target=\"_blank\" rel=\"noopener noreferrer\">Wikipedia<\/a><em> (<\/em><a href=\"http:\/\/www.gnu.org\/licenses\/fdl-1.3.txt\" target=\"_blank\" rel=\"noopener noreferrer\">GNU-Lizenz<\/a><em>)\u2013 mein Dank gilt den <\/em><a href=\"https:\/\/de.wikipedia.org\/w\/index.php?title=Wundklee-Bl%C3%A4uling&amp;action=history\" target=\"_blank\" rel=\"noopener noreferrer\">Autoren<\/a><em>.<\/em><\/p>\n","protected":false},"excerpt":{"rendered":"<p>Insekten -&gt; Schmetterlinge Insekten von A-Z zur Galerie Bl\u00e4ulinge I Der Wundklee-Bl\u00e4uling (Polyommatus dorylas) ist ein Schmetterling aus der Familie der Bl\u00e4ulinge. Er wird gelegentlich auch als Steinklee-Bl\u00e4uling bezeichnet, was aber v\u00f6llig irref\u00fchrend ist. Der Wundklee-Bl\u00e4uling ist ein recht gro\u00dfer Bl\u00e4uling, der sich wie viele andere Bl\u00e4ulinge durch einen ausgepr\u00e4gten Sexualdichroismus auszeichnet. Die Fl\u00fcgeloberseiten sind &hellip; <a href=\"https:\/\/woerrlein-naturfoto.de\/wordpress\/blaeulinge-a-z\/wundklee-blaeuling\/\" class=\"more-link\"><span class=\"screen-reader-text\">Wundklee-Bl\u00e4uling<\/span> weiterlesen <span class=\"meta-nav\">&rarr;<\/span><\/a><\/p>\n","protected":false},"author":1,"featured_media":0,"parent":11125,"menu_order":0,"comment_status":"closed","ping_status":"closed","template":"page-templates\/full-width.php","meta":{"footnotes":""},"class_list":["post-11269","page","type-page","status-publish","hentry"],"_links":{"self":[{"href":"https:\/\/woerrlein-naturfoto.de\/wordpress\/wp-json\/wp\/v2\/pages\/11269","targetHints":{"allow":["GET"]}}],"collection":[{"href":"https:\/\/woerrlein-naturfoto.de\/wordpress\/wp-json\/wp\/v2\/pages"}],"about":[{"href":"https:\/\/woerrlein-naturfoto.de\/wordpress\/wp-json\/wp\/v2\/types\/page"}],"author":[{"embeddable":true,"href":"https:\/\/woerrlein-naturfoto.de\/wordpress\/wp-json\/wp\/v2\/users\/1"}],"replies":[{"embeddable":true,"href":"https:\/\/woerrlein-naturfoto.de\/wordpress\/wp-json\/wp\/v2\/comments?post=11269"}],"version-history":[{"count":2,"href":"https:\/\/woerrlein-naturfoto.de\/wordpress\/wp-json\/wp\/v2\/pages\/11269\/revisions"}],"predecessor-version":[{"id":15021,"href":"https:\/\/woerrlein-naturfoto.de\/wordpress\/wp-json\/wp\/v2\/pages\/11269\/revisions\/15021"}],"up":[{"embeddable":true,"href":"https:\/\/woerrlein-naturfoto.de\/wordpress\/wp-json\/wp\/v2\/pages\/11125"}],"wp:attachment":[{"href":"https:\/\/woerrlein-naturfoto.de\/wordpress\/wp-json\/wp\/v2\/media?parent=11269"}],"curies":[{"name":"wp","href":"https:\/\/api.w.org\/{rel}","templated":true}]}}