{"id":10686,"date":"2019-06-11T19:49:58","date_gmt":"2019-06-11T17:49:58","guid":{"rendered":"http:\/\/woerrlein-naturfoto.de\/wordpress\/?page_id=10686"},"modified":"2019-06-11T20:08:36","modified_gmt":"2019-06-11T18:08:36","slug":"schwarzmilan","status":"publish","type":"page","link":"https:\/\/woerrlein-naturfoto.de\/wordpress\/greifvoegel-a-z\/schwarzmilan\/","title":{"rendered":"Schwarzmilan"},"content":{"rendered":"<p><a href=\"http:\/\/woerrlein-naturfoto.de\/wordpress\/voegel\/\"><span style=\"color: #ffff66;\">V\u00f6gel<\/span> <\/a>-&gt;<a href=\"http:\/\/woerrlein-naturfoto.de\/wordpress\/hauptseite-voegel\/voegel\/greifvoegel\/\"> <span style=\"color: #ffff66;\">Greifv\u00f6gel<\/span><\/a><br \/>\n<a href=\"http:\/\/woerrlein-naturfoto.de\/wordpress\/voegel_von_a-z\/\">V\u00f6gel von A-Z<\/a><br \/>\nzur Galerie <a title=\"Greifv\u00f6gel\" href=\"http:\/\/woerrlein-naturfoto.de\/wordpress\/hauptseite-voegel\/voegel\/greifvoegel\/\">Greifv\u00f6gel<\/a><\/p>\n<p><img loading=\"lazy\" decoding=\"async\" class=\"alignleft wp-image-10689\" src=\"http:\/\/woerrlein-naturfoto.de\/wordpress\/wp-content\/uploads\/2019\/06\/Schwarzmilan_AW15444L_4977x3318-1.jpg\" alt=\"\" width=\"267\" height=\"400\" \/>Der <b>Schwarzmilan<\/b> oder <b>Schwarzer Milan<\/b> (<i>Milvus migrans<\/i>) ist ein etwa m\u00e4usebussardgro\u00dfer Greifvogel aus der Familie der Habichtartigen. Im Gegensatz zum nahe verwandten Rotmilan (<i>Milvus milvus<\/i>), dessen Brutgebiet sich im Wesentlichen auf Europa beschr\u00e4nkt, hat der Schwarzmilan ein riesiges Verbreitungsgebiet, das neben gro\u00dfen Teilen der Pal\u00e4arktis weite Bereiche des indomalaiischen Faunengebietes sowie Australasien einschlie\u00dft. Entsprechend dieser weitr\u00e4umigen Verbreitung werden bis zu zw\u00f6lf Unterarten beschrieben, von denen meist sieben als allgemein anerkannt gelten.<br \/>\nObwohl der Schwarzmilan auch in ausgesprochen trockenen Gebieten vorkommt, zeigt er meist eine starke Bevorzugung feuchterer Gebiete, beziehungsweise sucht die N\u00e4he von Wasserfl\u00e4chen. Er ist ein Nahrungsgeneralist, dessen Nahrungsspektrum \u00e4u\u00dferst breit ist und neben Aas und Abf\u00e4llen eine Vielfalt meist eher kleiner selbstgefangener Beutetiere umfasst. Die Art z\u00e4hlt zu den am weitesten verbreiteten Greifv\u00f6geln und ist gebietsweise die h\u00e4ufigste Greifvogelart. Obwohl regional Bestandsr\u00fcckg\u00e4nge zu verzeichnen sind, gilt sie weltweit als ungef\u00e4hrdet.<\/p>\n<p>L\u00e4nge: 55-60 cm\u00a0\u00a0 Spannweite: 145-165 cm\u00a0\u00a0 Gewicht: 650-900 g\u00a0\u00a0 Gelege: 2-3 Eier<\/p>\n<p>zur Galerie <a title=\"Greifv\u00f6gel\" href=\"http:\/\/woerrlein-naturfoto.de\/wordpress\/hauptseite-voegel\/voegel\/greifvoegel\/\">Greifv\u00f6gel<\/a><code><br \/>\n<\/code><\/p>\n<p><em>Quelle des Textauszuges und weitere Infos bei <\/em><a href=\"https:\/\/de.wikipedia.org\/wiki\/Schwarzmilan\" target=\"_blank\" rel=\"noopener noreferrer\">Wikipedia<\/a> <em>(<\/em><a href=\"http:\/\/www.gnu.org\/licenses\/fdl-1.3.txt\" target=\"_blank\" rel=\"noopener noreferrer\">GNU-Lizenz<\/a><em>)<\/em> \u2013 <em>mein Dank gilt den<\/em> <a href=\"https:\/\/de.wikipedia.org\/w\/index.php?title=Schwarzmilan&amp;action=history\" target=\"_blank\" rel=\"noopener noreferrer\">Autoren<\/a>.<\/p>\n","protected":false},"excerpt":{"rendered":"<p>V\u00f6gel -&gt; Greifv\u00f6gel V\u00f6gel von A-Z zur Galerie Greifv\u00f6gel Der Schwarzmilan oder Schwarzer Milan (Milvus migrans) ist ein etwa m\u00e4usebussardgro\u00dfer Greifvogel aus der Familie der Habichtartigen. Im Gegensatz zum nahe verwandten Rotmilan (Milvus milvus), dessen Brutgebiet sich im Wesentlichen auf Europa beschr\u00e4nkt, hat der Schwarzmilan ein riesiges Verbreitungsgebiet, das neben gro\u00dfen Teilen der Pal\u00e4arktis weite &hellip; <a href=\"https:\/\/woerrlein-naturfoto.de\/wordpress\/greifvoegel-a-z\/schwarzmilan\/\" class=\"more-link\"><span class=\"screen-reader-text\">Schwarzmilan<\/span> weiterlesen <span class=\"meta-nav\">&rarr;<\/span><\/a><\/p>\n","protected":false},"author":1,"featured_media":0,"parent":2362,"menu_order":0,"comment_status":"closed","ping_status":"closed","template":"page-templates\/full-width.php","meta":{"footnotes":""},"class_list":["post-10686","page","type-page","status-publish","hentry"],"_links":{"self":[{"href":"https:\/\/woerrlein-naturfoto.de\/wordpress\/wp-json\/wp\/v2\/pages\/10686","targetHints":{"allow":["GET"]}}],"collection":[{"href":"https:\/\/woerrlein-naturfoto.de\/wordpress\/wp-json\/wp\/v2\/pages"}],"about":[{"href":"https:\/\/woerrlein-naturfoto.de\/wordpress\/wp-json\/wp\/v2\/types\/page"}],"author":[{"embeddable":true,"href":"https:\/\/woerrlein-naturfoto.de\/wordpress\/wp-json\/wp\/v2\/users\/1"}],"replies":[{"embeddable":true,"href":"https:\/\/woerrlein-naturfoto.de\/wordpress\/wp-json\/wp\/v2\/comments?post=10686"}],"version-history":[{"count":5,"href":"https:\/\/woerrlein-naturfoto.de\/wordpress\/wp-json\/wp\/v2\/pages\/10686\/revisions"}],"predecessor-version":[{"id":10695,"href":"https:\/\/woerrlein-naturfoto.de\/wordpress\/wp-json\/wp\/v2\/pages\/10686\/revisions\/10695"}],"up":[{"embeddable":true,"href":"https:\/\/woerrlein-naturfoto.de\/wordpress\/wp-json\/wp\/v2\/pages\/2362"}],"wp:attachment":[{"href":"https:\/\/woerrlein-naturfoto.de\/wordpress\/wp-json\/wp\/v2\/media?parent=10686"}],"curies":[{"name":"wp","href":"https:\/\/api.w.org\/{rel}","templated":true}]}}