{"id":10516,"date":"2019-01-13T11:26:14","date_gmt":"2019-01-13T10:26:14","guid":{"rendered":"http:\/\/woerrlein-naturfoto.de\/wordpress\/?page_id=10516"},"modified":"2022-06-17T17:11:20","modified_gmt":"2022-06-17T15:11:20","slug":"holunder-knabenkraut","status":"publish","type":"page","link":"https:\/\/woerrlein-naturfoto.de\/wordpress\/knabenkraeuter-ii-dactylorhiza-a-z\/holunder-knabenkraut\/","title":{"rendered":"Holunder-Knabenkraut"},"content":{"rendered":"<p><span style=\"color: #ffff66;\"><a style=\"color: #ffff66;\" href=\"http:\/\/woerrlein-naturfoto.de\/wordpress\/hauptseite-pflanzen\/pflanzen\/\"><span style=\"color: #ffff00;\">Pflanzen<\/span><\/a> <\/span>-&gt;<span style=\"color: #ffff66;\"><a style=\"color: #ffff66;\" href=\"http:\/\/woerrlein-naturfoto.de\/wordpress\/hauptseite-pflanzen\/pflanzen\/blueten-i-orchideen-2\/\"><span style=\"color: #ffff00;\">Orchideen <\/span><\/a><\/span>-&gt;<span style=\"color: #ffff00;\">\u00a0<a style=\"color: #ffff00;\" href=\"https:\/\/woerrlein-naturfoto.de\/wordpress\/hauptseite-pflanzen\/pflanzen\/blueten-i-orchideen-2\/knabenkraeuter\/\">Knabenkr\u00e4uter II (Dactyiorhiza)<\/a><\/span><br \/>\nPflanzen von A-Z<br \/>\nZur Galerie <a href=\"https:\/\/woerrlein-naturfoto.de\/wordpress\/hauptseite-pflanzen\/pflanzen\/blueten-i-orchideen-2\/knabenkraeuter\/\">Knabenkr\u00e4uter II<\/a><\/p>\n<p><img loading=\"lazy\" decoding=\"async\" class=\"alignleft wp-image-10428\" src=\"http:\/\/woerrlein-naturfoto.de\/wordpress\/wp-content\/uploads\/2015\/07\/Holunderknabenkraut_AW_55543_3749x5624-400x600.jpg\" alt=\"\" width=\"267\" height=\"400\" \/>Das <b>Holunder-Knabenkraut<\/b> (<i>Dactylorhiza sambucina<\/i>) ist eine Pflanzenart aus der Gattung der Knabenkr\u00e4uter in der Familie der Orchideen.<br \/>\nDas Holunder-Knabenkraut ist eine ausdauernde, krautige Pflanze, die Wuchsh\u00f6hen von etwa 10 bis 30 Zentimetern erreicht. Am oben kantigen St\u00e4ngel sind vier bis sechs verkehrt-lanzettliche Laubbl\u00e4tter verteilt. Sie sind immer ungefleckt und laufen spitz zu. Die Bl\u00fcten sind in einer bis zu 15 Zentimeter langen, dichten und reichbl\u00fctigen \u00c4hre zusammengefasst. Die laubblatt\u00e4hnlichen Tragbl\u00e4tter sind gr\u00fcn gef\u00e4rbt. Die untersten \u00fcberragen deutlich die Bl\u00fcten. Die schwach nach Holunder duftenden Bl\u00fcten sind hellgelb bis leuchtend gelb oder orange- bis purpurrot gef\u00e4rbt, die Lippenmitte jedoch immer mit dunkelroten Punkten versehen. Das Mengenverh\u00e4ltnis der beiden Farbvariationen ist variabel, Mischfarben sind selten.<br \/>\nDas Holunder-Knabenkraut besiedelt m\u00e4\u00dfig saure bis schwach basische, kalkarme, meist lockere und sandig-steinige Lehmb\u00f6den, die etwas hum\u00f6s sein sollten, es bevorzugt Bergwiesen, geht aber auch in lichte W\u00e4lder.<\/p>\n<p><strong>Bl\u00fctezeit:<\/strong>\u00a0\u00a0\u00a0\u00a0 Ende April bis Juni<\/p>\n<p>Zur Galerie <a href=\"https:\/\/woerrlein-naturfoto.de\/wordpress\/hauptseite-pflanzen\/pflanzen\/blueten-i-orchideen-2\/knabenkraeuter\/\">Knabenkr\u00e4uter II<\/a><\/p>\n<p><em>Quelle des Textauszuges und weitere Infos bei <\/em><a href=\"https:\/\/de.wikipedia.org\/wiki\/Holunder-Knabenkraut\" target=\"_blank\" rel=\"noopener noreferrer\">Wikipedia<\/a><em> (<\/em><a href=\"http:\/\/www.gnu.org\/licenses\/fdl-1.3.txt\" target=\"_blank\" rel=\"noopener noreferrer\">GNU-Lizenz<\/a><em>)\u2013 mein Dank gilt den <\/em><a href=\"https:\/\/de.wikipedia.org\/w\/index.php?title=Holunder-Knabenkraut&amp;action=history\" target=\"_blank\" rel=\"noopener noreferrer\">Autoren<\/a><em>.<\/em><\/p>\n","protected":false},"excerpt":{"rendered":"<p>Pflanzen -&gt;Orchideen -&gt;\u00a0Knabenkr\u00e4uter II (Dactyiorhiza) Pflanzen von A-Z Zur Galerie Knabenkr\u00e4uter II Das Holunder-Knabenkraut (Dactylorhiza sambucina) ist eine Pflanzenart aus der Gattung der Knabenkr\u00e4uter in der Familie der Orchideen. Das Holunder-Knabenkraut ist eine ausdauernde, krautige Pflanze, die Wuchsh\u00f6hen von etwa 10 bis 30 Zentimetern erreicht. Am oben kantigen St\u00e4ngel sind vier bis sechs verkehrt-lanzettliche Laubbl\u00e4tter &hellip; <a href=\"https:\/\/woerrlein-naturfoto.de\/wordpress\/knabenkraeuter-ii-dactylorhiza-a-z\/holunder-knabenkraut\/\" class=\"more-link\"><span class=\"screen-reader-text\">Holunder-Knabenkraut<\/span> weiterlesen <span class=\"meta-nav\">&rarr;<\/span><\/a><\/p>\n","protected":false},"author":1,"featured_media":0,"parent":14210,"menu_order":0,"comment_status":"closed","ping_status":"closed","template":"page-templates\/full-width.php","meta":{"footnotes":""},"class_list":["post-10516","page","type-page","status-publish","hentry"],"_links":{"self":[{"href":"https:\/\/woerrlein-naturfoto.de\/wordpress\/wp-json\/wp\/v2\/pages\/10516","targetHints":{"allow":["GET"]}}],"collection":[{"href":"https:\/\/woerrlein-naturfoto.de\/wordpress\/wp-json\/wp\/v2\/pages"}],"about":[{"href":"https:\/\/woerrlein-naturfoto.de\/wordpress\/wp-json\/wp\/v2\/types\/page"}],"author":[{"embeddable":true,"href":"https:\/\/woerrlein-naturfoto.de\/wordpress\/wp-json\/wp\/v2\/users\/1"}],"replies":[{"embeddable":true,"href":"https:\/\/woerrlein-naturfoto.de\/wordpress\/wp-json\/wp\/v2\/comments?post=10516"}],"version-history":[{"count":13,"href":"https:\/\/woerrlein-naturfoto.de\/wordpress\/wp-json\/wp\/v2\/pages\/10516\/revisions"}],"predecessor-version":[{"id":14909,"href":"https:\/\/woerrlein-naturfoto.de\/wordpress\/wp-json\/wp\/v2\/pages\/10516\/revisions\/14909"}],"up":[{"embeddable":true,"href":"https:\/\/woerrlein-naturfoto.de\/wordpress\/wp-json\/wp\/v2\/pages\/14210"}],"wp:attachment":[{"href":"https:\/\/woerrlein-naturfoto.de\/wordpress\/wp-json\/wp\/v2\/media?parent=10516"}],"curies":[{"name":"wp","href":"https:\/\/api.w.org\/{rel}","templated":true}]}}