{"id":10215,"date":"2018-10-27T14:10:01","date_gmt":"2018-10-27T12:10:01","guid":{"rendered":"http:\/\/woerrlein-naturfoto.de\/wordpress\/?page_id=10215"},"modified":"2019-06-11T20:07:07","modified_gmt":"2019-06-11T18:07:07","slug":"rotmilan","status":"publish","type":"page","link":"https:\/\/woerrlein-naturfoto.de\/wordpress\/greifvoegel-a-z\/rotmilan\/","title":{"rendered":"Rotmilan"},"content":{"rendered":"<p><a href=\"http:\/\/woerrlein-naturfoto.de\/wordpress\/voegel\/\"><span style=\"color: #ffff66;\">V\u00f6gel<\/span> <\/a>-&gt;<a href=\"http:\/\/woerrlein-naturfoto.de\/wordpress\/hauptseite-voegel\/voegel\/greifvoegel\/\"> <span style=\"color: #ffff66;\">Greifv\u00f6gel<\/span><\/a><br \/>\n<a href=\"http:\/\/woerrlein-naturfoto.de\/wordpress\/voegel_von_a-z\/\">V\u00f6gel von A-Z<\/a><br \/>\nzur Galerie <a title=\"Greifv\u00f6gel\" href=\"http:\/\/woerrlein-naturfoto.de\/wordpress\/hauptseite-voegel\/voegel\/greifvoegel\/\">Greifv\u00f6gel<\/a><\/p>\n<p><img loading=\"lazy\" decoding=\"async\" class=\"alignleft wp-image-10192\" src=\"http:\/\/woerrlein-naturfoto.de\/wordpress\/wp-content\/uploads\/2014\/12\/Rotmilan_D180704_2814-600x400.jpg\" alt=\"\" width=\"600\" height=\"400\" srcset=\"https:\/\/woerrlein-naturfoto.de\/wordpress\/wp-content\/uploads\/2014\/12\/Rotmilan_D180704_2814-600x400.jpg 600w, https:\/\/woerrlein-naturfoto.de\/wordpress\/wp-content\/uploads\/2014\/12\/Rotmilan_D180704_2814-768x512.jpg 768w, https:\/\/woerrlein-naturfoto.de\/wordpress\/wp-content\/uploads\/2014\/12\/Rotmilan_D180704_2814-120x80.jpg 120w, https:\/\/woerrlein-naturfoto.de\/wordpress\/wp-content\/uploads\/2014\/12\/Rotmilan_D180704_2814.jpg 1000w\" sizes=\"auto, (max-width: 600px) 100vw, 600px\" \/><\/p>\n<p>Der <b>Rotmilan<\/b> (<i>Milvus milvus<\/i>), auch <b>Roter Milan<\/b>, <b>Gabelweihe<\/b> oder <b>K\u00f6nigsweihe<\/b> genannt, ist eine etwa m\u00e4usebussardgro\u00dfe Greifvogelart aus der Familie der Habichtartigen.<br \/>\nIm Gegensatz zum nahe verwandten, geringf\u00fcgig kleineren Schwarzmilan ist die Verbreitung des Rotmilans im Wesentlichen auf Europa beschr\u00e4nkt. Er br\u00fctet vor allem in offenen, mit kleinen W\u00e4ldern oder Geh\u00f6lzen durchsetzten Landschaften. Er ist bedeutend weniger wassergebunden als der Schwarzmilan. Die meisten Rotmilane des zentralen Mitteleuropas, sowie die in Nord- und Osteuropa br\u00fctenden sind Zugv\u00f6gel, w\u00e4hrend ein unterschiedlich hoher Prozentsatz der Brutv\u00f6gel aus dem westlichen und s\u00fcdwestlichen Mitteleuropa jahr\u00fcber als Standvogel im Brutgebiet bleibt. \u00dcber 50 Prozent des Gesamtbestandes dieser Art, die sich vor allem von kleineren S\u00e4ugetieren und V\u00f6geln ern\u00e4hrt, br\u00fctet in Deutschland.<br \/>\nDeutliche Abnahmen in den Hauptbrutgebieten f\u00fchrten dazu, dass die <a title=\"IUCN\" href=\"https:\/\/de.wikipedia.org\/wiki\/IUCN\" target=\"_blank\" rel=\"noopener noreferrer\">IUCN<\/a> Anfang des Jahrtausends den Bestand auf <a href=\"https:\/\/en.wikipedia.org\/wiki\/Near-threatened_species\" target=\"_blank\" rel=\"noopener noreferrer\">NT (= near threatened)<\/a> hochstufte.<br \/>\nDer Rotmilan ist gr\u00f6\u00dfer als ein <a title=\"M\u00e4usebussard\" href=\"http:\/\/woerrlein-naturfoto.de\/wordpress\/greifvoegel-a-z\/maeusebussard\/\" target=\"_blank\" rel=\"noopener noreferrer\">M\u00e4usebussard<\/a> und etwas gr\u00f6\u00dfer als der Schwarzmilan; er hat ausgesprochen lange Fl\u00fcgel und einen langen gegabelten Schwanz. Der sitzende Vogel wirkt r\u00f6tlichbraun, wobei eine deutlich hellere, meist ockerfarbene Feders\u00e4umung vor allem der Deckfedern des Oberfl\u00fcgels und des R\u00fcckengefieders einen kontrastreichen Gesamteindruck vermittelt. Das Kopf-, Nacken- und Kehlgefieder erwachsener Rotmilane ist sehr hell, fast wei\u00df, und weist auffallende schwarze Federnsch\u00e4fte auf, die diese K\u00f6rperpartien schwarz gestrichelt erscheinen lassen. Der ziemlich kr\u00e4ftige Schnabel ist an der Basis gelb, am Schnabelhaken dunkelgrau oder schwarz. Die Arm- und Handschwingen sind an ihren Enden sehr dunkel, fast schwarz. Im Flug fallen vor allem die langen, relativ schmalen Fl\u00fcgel und der tief gegabelte, rostrote Schwanz auf, der immer in Bewegung ist und auch voll gef\u00e4chert noch eine Kerbung aufweist.<\/p>\n<p>L\u00e4nge: 60-65 cm\u00a0\u00a0 Spannweite: 155-185 cm\u00a0\u00a0 Gewicht: 850-1000 g\u00a0\u00a0 Gelege: 3-4 Eier<\/p>\n<p>zur Galerie <a title=\"Greifv\u00f6gel\" href=\"http:\/\/woerrlein-naturfoto.de\/wordpress\/hauptseite-voegel\/voegel\/greifvoegel\/\">Greifv\u00f6gel<\/a><code><br \/>\n<\/code><\/p>\n<p><em>Quelle des Textauszuges und weitere Infos bei <\/em><a href=\"https:\/\/de.wikipedia.org\/wiki\/Rotmilan\" target=\"_blank\" rel=\"noopener noreferrer\">Wikipedia<\/a> <em>(<\/em><a href=\"http:\/\/www.gnu.org\/licenses\/fdl-1.3.txt\" target=\"_blank\" rel=\"noopener noreferrer\">GNU-Lizenz<\/a><em>)<\/em> \u2013 <em>mein Dank gilt den<\/em> <a href=\"https:\/\/de.wikipedia.org\/w\/index.php?title=Rotmilan&amp;action=history\" target=\"_blank\" rel=\"noopener noreferrer\">Autoren<\/a>.<\/p>\n<p>&nbsp;<\/p>\n","protected":false},"excerpt":{"rendered":"<p>V\u00f6gel -&gt; Greifv\u00f6gel V\u00f6gel von A-Z zur Galerie Greifv\u00f6gel Der Rotmilan (Milvus milvus), auch Roter Milan, Gabelweihe oder K\u00f6nigsweihe genannt, ist eine etwa m\u00e4usebussardgro\u00dfe Greifvogelart aus der Familie der Habichtartigen. Im Gegensatz zum nahe verwandten, geringf\u00fcgig kleineren Schwarzmilan ist die Verbreitung des Rotmilans im Wesentlichen auf Europa beschr\u00e4nkt. Er br\u00fctet vor allem in offenen, mit &hellip; <a href=\"https:\/\/woerrlein-naturfoto.de\/wordpress\/greifvoegel-a-z\/rotmilan\/\" class=\"more-link\"><span class=\"screen-reader-text\">Rotmilan<\/span> weiterlesen <span class=\"meta-nav\">&rarr;<\/span><\/a><\/p>\n","protected":false},"author":1,"featured_media":0,"parent":2362,"menu_order":0,"comment_status":"closed","ping_status":"closed","template":"page-templates\/full-width.php","meta":{"footnotes":""},"class_list":["post-10215","page","type-page","status-publish","hentry"],"_links":{"self":[{"href":"https:\/\/woerrlein-naturfoto.de\/wordpress\/wp-json\/wp\/v2\/pages\/10215","targetHints":{"allow":["GET"]}}],"collection":[{"href":"https:\/\/woerrlein-naturfoto.de\/wordpress\/wp-json\/wp\/v2\/pages"}],"about":[{"href":"https:\/\/woerrlein-naturfoto.de\/wordpress\/wp-json\/wp\/v2\/types\/page"}],"author":[{"embeddable":true,"href":"https:\/\/woerrlein-naturfoto.de\/wordpress\/wp-json\/wp\/v2\/users\/1"}],"replies":[{"embeddable":true,"href":"https:\/\/woerrlein-naturfoto.de\/wordpress\/wp-json\/wp\/v2\/comments?post=10215"}],"version-history":[{"count":13,"href":"https:\/\/woerrlein-naturfoto.de\/wordpress\/wp-json\/wp\/v2\/pages\/10215\/revisions"}],"predecessor-version":[{"id":10694,"href":"https:\/\/woerrlein-naturfoto.de\/wordpress\/wp-json\/wp\/v2\/pages\/10215\/revisions\/10694"}],"up":[{"embeddable":true,"href":"https:\/\/woerrlein-naturfoto.de\/wordpress\/wp-json\/wp\/v2\/pages\/2362"}],"wp:attachment":[{"href":"https:\/\/woerrlein-naturfoto.de\/wordpress\/wp-json\/wp\/v2\/media?parent=10215"}],"curies":[{"name":"wp","href":"https:\/\/api.w.org\/{rel}","templated":true}]}}

<p><a href="http://woerrlein-naturfoto.de/wordpress/voegel/"><span style="color: #ffff66;">Vögel</span> </a>-&gt;<a href="http://woerrlein-naturfoto.de/wordpress/hauptseite-voegel/voegel/greifvoegel/"> <span style="color: #ffff66;">Greifvögel</span></a><br />
<a href="http://woerrlein-naturfoto.de/wordpress/voegel_von_a-z/">Vögel von A-Z</a><br />
zur Galerie <a title="Greifvögel" href="http://woerrlein-naturfoto.de/wordpress/hauptseite-voegel/voegel/greifvoegel/">Greifvögel</a></p>
<p><img loading="lazy" decoding="async" class="alignleft wp-image-10192" src="http://woerrlein-naturfoto.de/wordpress/wp-content/uploads/2014/12/Rotmilan_D180704_2814-600x400.jpg" alt="" width="600" height="400" srcset="https://woerrlein-naturfoto.de/wordpress/wp-content/uploads/2014/12/Rotmilan_D180704_2814-600x400.jpg 600w, https://woerrlein-naturfoto.de/wordpress/wp-content/uploads/2014/12/Rotmilan_D180704_2814-768x512.jpg 768w, https://woerrlein-naturfoto.de/wordpress/wp-content/uploads/2014/12/Rotmilan_D180704_2814-120x80.jpg 120w, https://woerrlein-naturfoto.de/wordpress/wp-content/uploads/2014/12/Rotmilan_D180704_2814.jpg 1000w" sizes="auto, (max-width: 600px) 100vw, 600px" /></p>
<p>Der <b>Rotmilan</b> (<i>Milvus milvus</i>), auch <b>Roter Milan</b>, <b>Gabelweihe</b> oder <b>Königsweihe</b> genannt, ist eine etwa mäusebussardgroße Greifvogelart aus der Familie der Habichtartigen.<br />
Im Gegensatz zum nahe verwandten, geringfügig kleineren Schwarzmilan ist die Verbreitung des Rotmilans im Wesentlichen auf Europa beschränkt. Er brütet vor allem in offenen, mit kleinen Wäldern oder Gehölzen durchsetzten Landschaften. Er ist bedeutend weniger wassergebunden als der Schwarzmilan. Die meisten Rotmilane des zentralen Mitteleuropas, sowie die in Nord- und Osteuropa brütenden sind Zugvögel, während ein unterschiedlich hoher Prozentsatz der Brutvögel aus dem westlichen und südwestlichen Mitteleuropa jahrüber als Standvogel im Brutgebiet bleibt. Über 50 Prozent des Gesamtbestandes dieser Art, die sich vor allem von kleineren Säugetieren und Vögeln ernährt, brütet in Deutschland.<br />
Deutliche Abnahmen in den Hauptbrutgebieten führten dazu, dass die <a title="IUCN" href="https://de.wikipedia.org/wiki/IUCN" target="_blank" rel="noopener noreferrer">IUCN</a> Anfang des Jahrtausends den Bestand auf <a href="https://en.wikipedia.org/wiki/Near-threatened_species" target="_blank" rel="noopener noreferrer">NT (= near threatened)</a> hochstufte.<br />
Der Rotmilan ist größer als ein <a title="Mäusebussard" href="http://woerrlein-naturfoto.de/wordpress/greifvoegel-a-z/maeusebussard/" target="_blank" rel="noopener noreferrer">Mäusebussard</a> und etwas größer als der Schwarzmilan; er hat ausgesprochen lange Flügel und einen langen gegabelten Schwanz. Der sitzende Vogel wirkt rötlichbraun, wobei eine deutlich hellere, meist ockerfarbene Federsäumung vor allem der Deckfedern des Oberflügels und des Rückengefieders einen kontrastreichen Gesamteindruck vermittelt. Das Kopf-, Nacken- und Kehlgefieder erwachsener Rotmilane ist sehr hell, fast weiß, und weist auffallende schwarze Federnschäfte auf, die diese Körperpartien schwarz gestrichelt erscheinen lassen. Der ziemlich kräftige Schnabel ist an der Basis gelb, am Schnabelhaken dunkelgrau oder schwarz. Die Arm- und Handschwingen sind an ihren Enden sehr dunkel, fast schwarz. Im Flug fallen vor allem die langen, relativ schmalen Flügel und der tief gegabelte, rostrote Schwanz auf, der immer in Bewegung ist und auch voll gefächert noch eine Kerbung aufweist.</p>
<p>Länge: 60-65 cm   Spannweite: 155-185 cm   Gewicht: 850-1000 g   Gelege: 3-4 Eier</p>
<p>zur Galerie <a title="Greifvögel" href="http://woerrlein-naturfoto.de/wordpress/hauptseite-voegel/voegel/greifvoegel/">Greifvögel</a><code><br />
</code></p>
<p><em>Quelle des Textauszuges und weitere Infos bei </em><a href="https://de.wikipedia.org/wiki/Rotmilan" target="_blank" rel="noopener noreferrer">Wikipedia</a> <em>(</em><a href="http://www.gnu.org/licenses/fdl-1.3.txt" target="_blank" rel="noopener noreferrer">GNU-Lizenz</a><em>)</em> – <em>mein Dank gilt den</em> <a href="https://de.wikipedia.org/w/index.php?title=Rotmilan&amp;action=history" target="_blank" rel="noopener noreferrer">Autoren</a>.</p>
<p>&nbsp;</p>

<p>Vögel -&gt; Greifvögel Vögel von A-Z zur Galerie Greifvögel Der Rotmilan (Milvus milvus), auch Roter Milan, Gabelweihe oder Königsweihe genannt, ist eine etwa mäusebussardgroße Greifvogelart aus der Familie der Habichtartigen. Im Gegensatz zum nahe verwandten, geringfügig kleineren Schwarzmilan ist die Verbreitung des Rotmilans im Wesentlichen auf Europa beschränkt. Er brütet vor allem in offenen, mit &hellip; <a href="https://woerrlein-naturfoto.de/wordpress/greifvoegel-a-z/rotmilan/" class="more-link"><span class="screen-reader-text">Rotmilan</span> weiterlesen <span class="meta-nav">&rarr;</span></a></p>
