{"id":10089,"date":"2018-09-16T10:46:04","date_gmt":"2018-09-16T08:46:04","guid":{"rendered":"http:\/\/woerrlein-naturfoto.de\/wordpress\/?page_id=10089"},"modified":"2019-10-02T15:01:08","modified_gmt":"2019-10-02T13:01:08","slug":"kardinal","status":"publish","type":"page","link":"https:\/\/woerrlein-naturfoto.de\/wordpress\/edelfalter-a-z\/kardinal\/","title":{"rendered":"Kardinal"},"content":{"rendered":"<p><span style=\"color: #ffff00;\"><a href=\"http:\/\/woerrlein-naturfoto.de\/wordpress\/insekten\/\"><span style=\"color: #ffff66;\">Insekten<\/span><\/a><\/span> -&gt; <span style=\"color: #ffff00;\"><a href=\"http:\/\/woerrlein-naturfoto.de\/wordpress\/hauptseite-insekten\/insekten\/schmetterlinge-2\/\"><span style=\"color: #ffff66;\">Schmetterlinge<\/span><\/a><\/span>-&gt;<a href=\"https:\/\/woerrlein-naturfoto.de\/wordpress\/hauptseite-insekten\/insekten\/schmetterlinge-2\/edelfalter\/\"><span style=\"color: #ffff66;\">Edelfalter<\/span><\/a><br \/>\n<a title=\"Insekten A-Z\" href=\"http:\/\/woerrlein-naturfoto.de\/wordpress\/insekten-a-z\/\">Insekten von A-Z<\/a><br \/>\nzur Galerie <a href=\"https:\/\/woerrlein-naturfoto.de\/wordpress\/hauptseite-insekten\/insekten\/schmetterlinge-2\/edelfalter\/\">Edelfalter<\/a><\/p>\n<p><img loading=\"lazy\" decoding=\"async\" class=\"alignleft wp-image-7274\" src=\"http:\/\/woerrlein-naturfoto.de\/wordpress\/wp-content\/uploads\/2015\/08\/Kaisermantel_D150528_4492-600x400.jpg\" alt=\"\" width=\"600\" height=\"400\" srcset=\"https:\/\/woerrlein-naturfoto.de\/wordpress\/wp-content\/uploads\/2015\/08\/Kaisermantel_D150528_4492-600x400.jpg 600w, https:\/\/woerrlein-naturfoto.de\/wordpress\/wp-content\/uploads\/2015\/08\/Kaisermantel_D150528_4492-120x80.jpg 120w, https:\/\/woerrlein-naturfoto.de\/wordpress\/wp-content\/uploads\/2015\/08\/Kaisermantel_D150528_4492.jpg 1000w\" sizes=\"auto, (max-width: 600px) 100vw, 600px\" \/>Der <b>Kardinal<\/b> (<i>Argynnis pandora<\/i>) ist ein Schmetterling aus der Familie der Edelfalter. Er wird auch als <b>Gr\u00fcner Silberstrich<\/b> bezeichnet.<br \/>\nDie Falter erreichen eine Fl\u00fcgelspannweite von 64 bis 80 Millimetern. Die Fl\u00fcgeloberseiten sind orange gef\u00e4rbt und tragen ein Muster aus schwarzen Flecken. Die Vorderfl\u00fcgelunterseite hat einen auff\u00e4lligen rosaroten Diskus. Die Weibchen sind manchmal statt orange braun gef\u00e4rbt. Die Oberseiten der Hinterfl\u00fcgel haben einen leicht gr\u00fcnlichen Schimmer, der auch auf der Unterseite ausgepr\u00e4gt ist. Daneben haben die Hinterfl\u00fcgelunterseiten der Weibchen am Au\u00dfenrand und etwa an den Fl\u00fcgeldritteln silbrige Binden. Die Binde nahe dem Fl\u00fcgelansatz verl\u00e4uft nur bis etwa zur Mitte des Fl\u00fcgels, die anderen erstrecken sich \u00fcber den ganzen Fl\u00fcgel. Bei den M\u00e4nnchen sind diese Binden nur schwach angedeutet. Der Falter \u00e4hnelt dem <a href=\"http:\/\/woerrlein-naturfoto.de\/wordpress\/schmetterlinge-a-z\/kaisermantel\/\" target=\"_blank\" rel=\"noopener noreferrer\">Kaisermantel<\/a> (<i>Argynnis paphia<\/i>), ist aber durch den anderen Bindenverlauf, den rosaroten Diskus und die mattgr\u00fcne F\u00e4rbung der Hinterfl\u00fcgel gut zu unterscheiden.<br \/>\nDer Kardinal kommt vor allem in S\u00fcdeuropa vor und ist in Deutschland nicht heimisch. Er ist \u00fcber die Kanarischen Inseln, die Balearen und die Iberische Halbinsel sowie \u00fcber den Mittelmeerraum und Vorderasien bis Nordwestindien in H\u00f6henlagen von bis zu 2600 Metern verbreitet. Er besiedelt u. a. mit Str\u00e4uchern ges\u00e4umte Lichtungen in Laub- und offenen Kiefernw\u00e4ldern, in denen bzw. in deren N\u00e4he sich ein gro\u00dfes Angebot nektarreicher Pflanzen aus den Gattungen <i>Cirsium<\/i>, <i>Carduus<\/i> oder <i>Centaurea<\/i> befindet. Der vermutlich n\u00f6rdlichste nachgewiesene Fund des Kardinals stammt aus M\u00fcllheim (Baden) durch Max Standfu\u00df im Jahre 1893. Das Belegexemplar wird im Staatlichen Museum f\u00fcr Naturkunde Karlsruhe aufbewahrt.<\/p>\n<p><strong>Flugzeit:<\/strong>\u00a0\u00a0\u00a0\u00a0 In Europa Mitte Mai bis Anfang Juli in einer Generation<\/p>\n<p>Zur Galerie <a href=\"https:\/\/woerrlein-naturfoto.de\/wordpress\/hauptseite-insekten\/insekten\/schmetterlinge-2\/edelfalter\/\">Edelfalter<\/a><\/p>\n<p><em>Quelle des Textauszuges und weitere Infos bei <\/em><a href=\"https:\/\/de.wikipedia.org\/wiki\/Kardinal_(Schmetterling)\" target=\"_blank\" rel=\"noopener noreferrer\">Wikipedia<\/a><em> (<\/em><a href=\"http:\/\/www.gnu.org\/licenses\/fdl-1.3.txt\" target=\"_blank\" rel=\"noopener noreferrer\">GNU-Lizenz<\/a><em>)\u2013 mein Dank gilt den <\/em><a href=\"https:\/\/de.wikipedia.org\/w\/index.php?title=Kardinal_(Schmetterling)&amp;action=history\" target=\"_blank\" rel=\"noopener noreferrer\">Autoren<\/a><em>.<\/em><\/p>\n","protected":false},"excerpt":{"rendered":"<p>Insekten -&gt; Schmetterlinge-&gt;Edelfalter Insekten von A-Z zur Galerie Edelfalter Der Kardinal (Argynnis pandora) ist ein Schmetterling aus der Familie der Edelfalter. Er wird auch als Gr\u00fcner Silberstrich bezeichnet. Die Falter erreichen eine Fl\u00fcgelspannweite von 64 bis 80 Millimetern. Die Fl\u00fcgeloberseiten sind orange gef\u00e4rbt und tragen ein Muster aus schwarzen Flecken. Die Vorderfl\u00fcgelunterseite hat einen auff\u00e4lligen &hellip; <a href=\"https:\/\/woerrlein-naturfoto.de\/wordpress\/edelfalter-a-z\/kardinal\/\" class=\"more-link\"><span class=\"screen-reader-text\">Kardinal<\/span> weiterlesen <span class=\"meta-nav\">&rarr;<\/span><\/a><\/p>\n","protected":false},"author":1,"featured_media":0,"parent":11134,"menu_order":0,"comment_status":"closed","ping_status":"closed","template":"page-templates\/full-width.php","meta":{"footnotes":""},"class_list":["post-10089","page","type-page","status-publish","hentry"],"_links":{"self":[{"href":"https:\/\/woerrlein-naturfoto.de\/wordpress\/wp-json\/wp\/v2\/pages\/10089","targetHints":{"allow":["GET"]}}],"collection":[{"href":"https:\/\/woerrlein-naturfoto.de\/wordpress\/wp-json\/wp\/v2\/pages"}],"about":[{"href":"https:\/\/woerrlein-naturfoto.de\/wordpress\/wp-json\/wp\/v2\/types\/page"}],"author":[{"embeddable":true,"href":"https:\/\/woerrlein-naturfoto.de\/wordpress\/wp-json\/wp\/v2\/users\/1"}],"replies":[{"embeddable":true,"href":"https:\/\/woerrlein-naturfoto.de\/wordpress\/wp-json\/wp\/v2\/comments?post=10089"}],"version-history":[{"count":11,"href":"https:\/\/woerrlein-naturfoto.de\/wordpress\/wp-json\/wp\/v2\/pages\/10089\/revisions"}],"predecessor-version":[{"id":11164,"href":"https:\/\/woerrlein-naturfoto.de\/wordpress\/wp-json\/wp\/v2\/pages\/10089\/revisions\/11164"}],"up":[{"embeddable":true,"href":"https:\/\/woerrlein-naturfoto.de\/wordpress\/wp-json\/wp\/v2\/pages\/11134"}],"wp:attachment":[{"href":"https:\/\/woerrlein-naturfoto.de\/wordpress\/wp-json\/wp\/v2\/media?parent=10089"}],"curies":[{"name":"wp","href":"https:\/\/api.w.org\/{rel}","templated":true}]}}

<p><span style="color: #ffff00;"><a href="http://woerrlein-naturfoto.de/wordpress/insekten/"><span style="color: #ffff66;">Insekten</span></a></span> -&gt; <span style="color: #ffff00;"><a href="http://woerrlein-naturfoto.de/wordpress/hauptseite-insekten/insekten/schmetterlinge-2/"><span style="color: #ffff66;">Schmetterlinge</span></a></span>-&gt;<a href="https://woerrlein-naturfoto.de/wordpress/hauptseite-insekten/insekten/schmetterlinge-2/edelfalter/"><span style="color: #ffff66;">Edelfalter</span></a><br />
<a title="Insekten A-Z" href="http://woerrlein-naturfoto.de/wordpress/insekten-a-z/">Insekten von A-Z</a><br />
zur Galerie <a href="https://woerrlein-naturfoto.de/wordpress/hauptseite-insekten/insekten/schmetterlinge-2/edelfalter/">Edelfalter</a></p>
<p><img loading="lazy" decoding="async" class="alignleft wp-image-7274" src="http://woerrlein-naturfoto.de/wordpress/wp-content/uploads/2015/08/Kaisermantel_D150528_4492-600x400.jpg" alt="" width="600" height="400" srcset="https://woerrlein-naturfoto.de/wordpress/wp-content/uploads/2015/08/Kaisermantel_D150528_4492-600x400.jpg 600w, https://woerrlein-naturfoto.de/wordpress/wp-content/uploads/2015/08/Kaisermantel_D150528_4492-120x80.jpg 120w, https://woerrlein-naturfoto.de/wordpress/wp-content/uploads/2015/08/Kaisermantel_D150528_4492.jpg 1000w" sizes="auto, (max-width: 600px) 100vw, 600px" />Der <b>Kardinal</b> (<i>Argynnis pandora</i>) ist ein Schmetterling aus der Familie der Edelfalter. Er wird auch als <b>Grüner Silberstrich</b> bezeichnet.<br />
Die Falter erreichen eine Flügelspannweite von 64 bis 80 Millimetern. Die Flügeloberseiten sind orange gefärbt und tragen ein Muster aus schwarzen Flecken. Die Vorderflügelunterseite hat einen auffälligen rosaroten Diskus. Die Weibchen sind manchmal statt orange braun gefärbt. Die Oberseiten der Hinterflügel haben einen leicht grünlichen Schimmer, der auch auf der Unterseite ausgeprägt ist. Daneben haben die Hinterflügelunterseiten der Weibchen am Außenrand und etwa an den Flügeldritteln silbrige Binden. Die Binde nahe dem Flügelansatz verläuft nur bis etwa zur Mitte des Flügels, die anderen erstrecken sich über den ganzen Flügel. Bei den Männchen sind diese Binden nur schwach angedeutet. Der Falter ähnelt dem <a href="http://woerrlein-naturfoto.de/wordpress/schmetterlinge-a-z/kaisermantel/" target="_blank" rel="noopener noreferrer">Kaisermantel</a> (<i>Argynnis paphia</i>), ist aber durch den anderen Bindenverlauf, den rosaroten Diskus und die mattgrüne Färbung der Hinterflügel gut zu unterscheiden.<br />
Der Kardinal kommt vor allem in Südeuropa vor und ist in Deutschland nicht heimisch. Er ist über die Kanarischen Inseln, die Balearen und die Iberische Halbinsel sowie über den Mittelmeerraum und Vorderasien bis Nordwestindien in Höhenlagen von bis zu 2600 Metern verbreitet. Er besiedelt u. a. mit Sträuchern gesäumte Lichtungen in Laub- und offenen Kiefernwäldern, in denen bzw. in deren Nähe sich ein großes Angebot nektarreicher Pflanzen aus den Gattungen <i>Cirsium</i>, <i>Carduus</i> oder <i>Centaurea</i> befindet. Der vermutlich nördlichste nachgewiesene Fund des Kardinals stammt aus Müllheim (Baden) durch Max Standfuß im Jahre 1893. Das Belegexemplar wird im Staatlichen Museum für Naturkunde Karlsruhe aufbewahrt.</p>
<p><strong>Flugzeit:</strong>     In Europa Mitte Mai bis Anfang Juli in einer Generation</p>
<p>Zur Galerie <a href="https://woerrlein-naturfoto.de/wordpress/hauptseite-insekten/insekten/schmetterlinge-2/edelfalter/">Edelfalter</a></p>
<p><em>Quelle des Textauszuges und weitere Infos bei </em><a href="https://de.wikipedia.org/wiki/Kardinal_(Schmetterling)" target="_blank" rel="noopener noreferrer">Wikipedia</a><em> (</em><a href="http://www.gnu.org/licenses/fdl-1.3.txt" target="_blank" rel="noopener noreferrer">GNU-Lizenz</a><em>)– mein Dank gilt den </em><a href="https://de.wikipedia.org/w/index.php?title=Kardinal_(Schmetterling)&amp;action=history" target="_blank" rel="noopener noreferrer">Autoren</a><em>.</em></p>

<p>Insekten -&gt; Schmetterlinge-&gt;Edelfalter Insekten von A-Z zur Galerie Edelfalter Der Kardinal (Argynnis pandora) ist ein Schmetterling aus der Familie der Edelfalter. Er wird auch als Grüner Silberstrich bezeichnet. Die Falter erreichen eine Flügelspannweite von 64 bis 80 Millimetern. Die Flügeloberseiten sind orange gefärbt und tragen ein Muster aus schwarzen Flecken. Die Vorderflügelunterseite hat einen auffälligen &hellip; <a href="https://woerrlein-naturfoto.de/wordpress/edelfalter-a-z/kardinal/" class="more-link"><span class="screen-reader-text">Kardinal</span> weiterlesen <span class="meta-nav">&rarr;</span></a></p>
