{"id":10054,"date":"2018-08-28T21:46:26","date_gmt":"2018-08-28T19:46:26","guid":{"rendered":"http:\/\/woerrlein-naturfoto.de\/wordpress\/?page_id=10054"},"modified":"2019-10-02T15:04:06","modified_gmt":"2019-10-02T13:04:06","slug":"tagpfauenauge","status":"publish","type":"page","link":"https:\/\/woerrlein-naturfoto.de\/wordpress\/edelfalter-a-z\/tagpfauenauge\/","title":{"rendered":"Tagpfauenauge"},"content":{"rendered":"<p><span style=\"color: #ffff00;\"><a href=\"http:\/\/woerrlein-naturfoto.de\/wordpress\/insekten\/\"><span style=\"color: #ffff66;\">Insekten<\/span><\/a><\/span> -&gt; <span style=\"color: #ffff00;\"><a href=\"http:\/\/woerrlein-naturfoto.de\/wordpress\/hauptseite-insekten\/insekten\/schmetterlinge-2\/\"><span style=\"color: #ffff66;\">Schmetterlinge<\/span><\/a><\/span>-&gt;<a href=\"https:\/\/woerrlein-naturfoto.de\/wordpress\/hauptseite-insekten\/insekten\/schmetterlinge-2\/edelfalter\/\"><span style=\"color: #ffff66;\">Edelfalter<\/span><\/a><br \/>\n<a title=\"Insekten A-Z\" href=\"http:\/\/woerrlein-naturfoto.de\/wordpress\/insekten-a-z\/\">Insekten von A-Z<\/a><br \/>\nzur Galerie <a href=\"https:\/\/woerrlein-naturfoto.de\/wordpress\/hauptseite-insekten\/insekten\/schmetterlinge-2\/edelfalter\/\">Edelfalter<\/a><\/p>\n<p><img loading=\"lazy\" decoding=\"async\" class=\"alignleft wp-image-10026\" src=\"http:\/\/woerrlein-naturfoto.de\/wordpress\/wp-content\/uploads\/2015\/01\/Tagpfauenauge_AW_56550_5075x3383-600x400.jpg\" alt=\"\" width=\"600\" height=\"400\" srcset=\"https:\/\/woerrlein-naturfoto.de\/wordpress\/wp-content\/uploads\/2015\/01\/Tagpfauenauge_AW_56550_5075x3383-600x400.jpg 600w, https:\/\/woerrlein-naturfoto.de\/wordpress\/wp-content\/uploads\/2015\/01\/Tagpfauenauge_AW_56550_5075x3383-768x512.jpg 768w, https:\/\/woerrlein-naturfoto.de\/wordpress\/wp-content\/uploads\/2015\/01\/Tagpfauenauge_AW_56550_5075x3383-120x80.jpg 120w, https:\/\/woerrlein-naturfoto.de\/wordpress\/wp-content\/uploads\/2015\/01\/Tagpfauenauge_AW_56550_5075x3383.jpg 1000w\" sizes=\"auto, (max-width: 600px) 100vw, 600px\" \/>Das <b>Tagpfauenauge<\/b> (<i>Aglais io<\/i>) ist ein Schmetterling aus der Familie der Edelfalter. Es wurde zum <a title=\"Schmetterling des Jahres\" href=\"https:\/\/de.wikipedia.org\/wiki\/Schmetterling_des_Jahres\" target=\"_blank\" rel=\"noopener noreferrer\">Schmetterling des Jahres<\/a> 2009 gew\u00e4hlt.<br \/>\nTagpfauenaugen sind in Europa, au\u00dfer im Norden und Teilen der iberischen Halbinsel und Griechenland, und in Asien bis nach Japan weit verbreitet und h\u00e4ufig. Man findet sie bis in einer H\u00f6he von 2500\u00a0Metern. Sie kommen in verschiedenen Lebensr\u00e4umen, wie zum Beispiel in der N\u00e4he von lichten und sonnendurchfluteten W\u00e4ldern, aber auch in Parks und G\u00e4rten vor.<br \/>\nDie Falter erreichen eine Fl\u00fcgelspannweite von 50 bis 55 Millimetern. Sie haben eine rostrote Fl\u00fcgelgrundf\u00e4rbung. Das unverkennbare und auff\u00e4lligste Merkmal sind die an jeder Vorder- und Hinterfl\u00fcgelspitze gut erkennbaren, schwarz, blau und gelb gef\u00e4rbten <a title=\"Augenfleck (Abwehr)\" href=\"https:\/\/de.wikipedia.org\/wiki\/Augenfleck_(Abwehr)\" target=\"_blank\" rel=\"noopener noreferrer\">Augenflecken<\/a>. Die der Vorderfl\u00fcgel sind innen deutlicher mit einem dunklen Fleck gef\u00e4rbt. Daneben finden sich am oberen Fl\u00fcgelrand gr\u00f6\u00dfere schwarze und wei\u00dfe Flecken, die vom Fl\u00fcgelansatz bis etwa zur Mitte am Rand eng wei\u00df und schwarz gemustert sind. Der Fl\u00fcgelau\u00dfenrand beider Fl\u00fcgelpaare ist breit graubraun, genauso wie der K\u00f6rper und die Fl\u00fcgel um den Ansatz. Die Fl\u00fcgelunterseiten sind fein dunkelgrau und schwarz marmoriert.<br \/>\nTagpfauenaugen finden geeignete Nahrungspflanzen aufgrund ihres Geruchs. Tagpfauenaugen, die keine Erfahrung mit Bl\u00fcten besitzen, bevorzugen den Geruch der f\u00fcr die Art wichtigsten Nahrungspflanzen. Als Reaktion auf Erfolg oder Misserfolg bei der Nektarsuche passen sie ihre Geruchspr\u00e4ferenzen an.<\/p>\n<p><strong>Flugzeit:<\/strong>\u00a0\u00a0\u00a0\u00a0 Die Falter fliegen j\u00e4hrlich in zwei Generationen &#8211; Die der ersten fliegen von Juni bis August, wobei je nach Wetterlage eine <a class=\"mw-redirect\" title=\"Diapause\" href=\"https:\/\/de.wikipedia.org\/wiki\/Diapause\" target=\"_blank\" rel=\"noopener noreferrer\">Diapause<\/a> von Juli bis Oktober eingehalten wird, die der zweiten Generation fliegen von August bis Oktober. Nach der \u00dcberwinterung k\u00f6nnen die Falter bereits von M\u00e4rz bis Mai beobachtet werden.<sup id=\"cite_ref-TolmanLewington_3-1\" class=\"reference\"><\/sup><\/p>\n<p>Zur Galerie <a href=\"https:\/\/woerrlein-naturfoto.de\/wordpress\/hauptseite-insekten\/insekten\/schmetterlinge-2\/edelfalter\/\">Edelfalter<\/a><\/p>\n<p><em>Quelle des Textauszuges und weitere Infos bei <\/em><a href=\"https:\/\/de.wikipedia.org\/wiki\/Tagpfauenauge\" target=\"_blank\" rel=\"noopener noreferrer\">Wikipedia<\/a><em> (<\/em><a href=\"http:\/\/www.gnu.org\/licenses\/fdl-1.3.txt\" target=\"_blank\" rel=\"noopener noreferrer\">GNU-Lizenz<\/a><em>)\u2013 mein Dank gilt den <\/em><a href=\"https:\/\/de.wikipedia.org\/w\/index.php?title=Tagpfauenauge&amp;action=history\" target=\"_blank\" rel=\"noopener noreferrer\">Autoren<\/a><em>.<\/em><\/p>\n","protected":false},"excerpt":{"rendered":"<p>Insekten -&gt; Schmetterlinge-&gt;Edelfalter Insekten von A-Z zur Galerie Edelfalter Das Tagpfauenauge (Aglais io) ist ein Schmetterling aus der Familie der Edelfalter. Es wurde zum Schmetterling des Jahres 2009 gew\u00e4hlt. Tagpfauenaugen sind in Europa, au\u00dfer im Norden und Teilen der iberischen Halbinsel und Griechenland, und in Asien bis nach Japan weit verbreitet und h\u00e4ufig. Man findet &hellip; <a href=\"https:\/\/woerrlein-naturfoto.de\/wordpress\/edelfalter-a-z\/tagpfauenauge\/\" class=\"more-link\"><span class=\"screen-reader-text\">Tagpfauenauge<\/span> weiterlesen <span class=\"meta-nav\">&rarr;<\/span><\/a><\/p>\n","protected":false},"author":1,"featured_media":0,"parent":11134,"menu_order":0,"comment_status":"closed","ping_status":"closed","template":"page-templates\/full-width.php","meta":{"footnotes":""},"class_list":["post-10054","page","type-page","status-publish","hentry"],"_links":{"self":[{"href":"https:\/\/woerrlein-naturfoto.de\/wordpress\/wp-json\/wp\/v2\/pages\/10054","targetHints":{"allow":["GET"]}}],"collection":[{"href":"https:\/\/woerrlein-naturfoto.de\/wordpress\/wp-json\/wp\/v2\/pages"}],"about":[{"href":"https:\/\/woerrlein-naturfoto.de\/wordpress\/wp-json\/wp\/v2\/types\/page"}],"author":[{"embeddable":true,"href":"https:\/\/woerrlein-naturfoto.de\/wordpress\/wp-json\/wp\/v2\/users\/1"}],"replies":[{"embeddable":true,"href":"https:\/\/woerrlein-naturfoto.de\/wordpress\/wp-json\/wp\/v2\/comments?post=10054"}],"version-history":[{"count":7,"href":"https:\/\/woerrlein-naturfoto.de\/wordpress\/wp-json\/wp\/v2\/pages\/10054\/revisions"}],"predecessor-version":[{"id":11171,"href":"https:\/\/woerrlein-naturfoto.de\/wordpress\/wp-json\/wp\/v2\/pages\/10054\/revisions\/11171"}],"up":[{"embeddable":true,"href":"https:\/\/woerrlein-naturfoto.de\/wordpress\/wp-json\/wp\/v2\/pages\/11134"}],"wp:attachment":[{"href":"https:\/\/woerrlein-naturfoto.de\/wordpress\/wp-json\/wp\/v2\/media?parent=10054"}],"curies":[{"name":"wp","href":"https:\/\/api.w.org\/{rel}","templated":true}]}}

<p><span style="color: #ffff00;"><a href="http://woerrlein-naturfoto.de/wordpress/insekten/"><span style="color: #ffff66;">Insekten</span></a></span> -&gt; <span style="color: #ffff00;"><a href="http://woerrlein-naturfoto.de/wordpress/hauptseite-insekten/insekten/schmetterlinge-2/"><span style="color: #ffff66;">Schmetterlinge</span></a></span>-&gt;<a href="https://woerrlein-naturfoto.de/wordpress/hauptseite-insekten/insekten/schmetterlinge-2/edelfalter/"><span style="color: #ffff66;">Edelfalter</span></a><br />
<a title="Insekten A-Z" href="http://woerrlein-naturfoto.de/wordpress/insekten-a-z/">Insekten von A-Z</a><br />
zur Galerie <a href="https://woerrlein-naturfoto.de/wordpress/hauptseite-insekten/insekten/schmetterlinge-2/edelfalter/">Edelfalter</a></p>
<p><img loading="lazy" decoding="async" class="alignleft wp-image-10026" src="http://woerrlein-naturfoto.de/wordpress/wp-content/uploads/2015/01/Tagpfauenauge_AW_56550_5075x3383-600x400.jpg" alt="" width="600" height="400" srcset="https://woerrlein-naturfoto.de/wordpress/wp-content/uploads/2015/01/Tagpfauenauge_AW_56550_5075x3383-600x400.jpg 600w, https://woerrlein-naturfoto.de/wordpress/wp-content/uploads/2015/01/Tagpfauenauge_AW_56550_5075x3383-768x512.jpg 768w, https://woerrlein-naturfoto.de/wordpress/wp-content/uploads/2015/01/Tagpfauenauge_AW_56550_5075x3383-120x80.jpg 120w, https://woerrlein-naturfoto.de/wordpress/wp-content/uploads/2015/01/Tagpfauenauge_AW_56550_5075x3383.jpg 1000w" sizes="auto, (max-width: 600px) 100vw, 600px" />Das <b>Tagpfauenauge</b> (<i>Aglais io</i>) ist ein Schmetterling aus der Familie der Edelfalter. Es wurde zum <a title="Schmetterling des Jahres" href="https://de.wikipedia.org/wiki/Schmetterling_des_Jahres" target="_blank" rel="noopener noreferrer">Schmetterling des Jahres</a> 2009 gewählt.<br />
Tagpfauenaugen sind in Europa, außer im Norden und Teilen der iberischen Halbinsel und Griechenland, und in Asien bis nach Japan weit verbreitet und häufig. Man findet sie bis in einer Höhe von 2500 Metern. Sie kommen in verschiedenen Lebensräumen, wie zum Beispiel in der Nähe von lichten und sonnendurchfluteten Wäldern, aber auch in Parks und Gärten vor.<br />
Die Falter erreichen eine Flügelspannweite von 50 bis 55 Millimetern. Sie haben eine rostrote Flügelgrundfärbung. Das unverkennbare und auffälligste Merkmal sind die an jeder Vorder- und Hinterflügelspitze gut erkennbaren, schwarz, blau und gelb gefärbten <a title="Augenfleck (Abwehr)" href="https://de.wikipedia.org/wiki/Augenfleck_(Abwehr)" target="_blank" rel="noopener noreferrer">Augenflecken</a>. Die der Vorderflügel sind innen deutlicher mit einem dunklen Fleck gefärbt. Daneben finden sich am oberen Flügelrand größere schwarze und weiße Flecken, die vom Flügelansatz bis etwa zur Mitte am Rand eng weiß und schwarz gemustert sind. Der Flügelaußenrand beider Flügelpaare ist breit graubraun, genauso wie der Körper und die Flügel um den Ansatz. Die Flügelunterseiten sind fein dunkelgrau und schwarz marmoriert.<br />
Tagpfauenaugen finden geeignete Nahrungspflanzen aufgrund ihres Geruchs. Tagpfauenaugen, die keine Erfahrung mit Blüten besitzen, bevorzugen den Geruch der für die Art wichtigsten Nahrungspflanzen. Als Reaktion auf Erfolg oder Misserfolg bei der Nektarsuche passen sie ihre Geruchspräferenzen an.</p>
<p><strong>Flugzeit:</strong>     Die Falter fliegen jährlich in zwei Generationen &#8211; Die der ersten fliegen von Juni bis August, wobei je nach Wetterlage eine <a class="mw-redirect" title="Diapause" href="https://de.wikipedia.org/wiki/Diapause" target="_blank" rel="noopener noreferrer">Diapause</a> von Juli bis Oktober eingehalten wird, die der zweiten Generation fliegen von August bis Oktober. Nach der Überwinterung können die Falter bereits von März bis Mai beobachtet werden.<sup id="cite_ref-TolmanLewington_3-1" class="reference"></sup></p>
<p>Zur Galerie <a href="https://woerrlein-naturfoto.de/wordpress/hauptseite-insekten/insekten/schmetterlinge-2/edelfalter/">Edelfalter</a></p>
<p><em>Quelle des Textauszuges und weitere Infos bei </em><a href="https://de.wikipedia.org/wiki/Tagpfauenauge" target="_blank" rel="noopener noreferrer">Wikipedia</a><em> (</em><a href="http://www.gnu.org/licenses/fdl-1.3.txt" target="_blank" rel="noopener noreferrer">GNU-Lizenz</a><em>)– mein Dank gilt den </em><a href="https://de.wikipedia.org/w/index.php?title=Tagpfauenauge&amp;action=history" target="_blank" rel="noopener noreferrer">Autoren</a><em>.</em></p>

<p>Insekten -&gt; Schmetterlinge-&gt;Edelfalter Insekten von A-Z zur Galerie Edelfalter Das Tagpfauenauge (Aglais io) ist ein Schmetterling aus der Familie der Edelfalter. Es wurde zum Schmetterling des Jahres 2009 gewählt. Tagpfauenaugen sind in Europa, außer im Norden und Teilen der iberischen Halbinsel und Griechenland, und in Asien bis nach Japan weit verbreitet und häufig. Man findet &hellip; <a href="https://woerrlein-naturfoto.de/wordpress/edelfalter-a-z/tagpfauenauge/" class="more-link"><span class="screen-reader-text">Tagpfauenauge</span> weiterlesen <span class="meta-nav">&rarr;</span></a></p>
