{"id":10042,"date":"2018-08-28T20:54:42","date_gmt":"2018-08-28T18:54:42","guid":{"rendered":"http:\/\/woerrlein-naturfoto.de\/wordpress\/?page_id=10042"},"modified":"2021-07-26T14:15:50","modified_gmt":"2021-07-26T12:15:50","slug":"grosser-schillerfalter","status":"publish","type":"page","link":"https:\/\/woerrlein-naturfoto.de\/wordpress\/edelfalter-a-z\/grosser-schillerfalter\/","title":{"rendered":"Gro\u00dfer Schillerfalter"},"content":{"rendered":"<p><span style=\"color: #ffff00;\"><a href=\"http:\/\/woerrlein-naturfoto.de\/wordpress\/insekten\/\"><span style=\"color: #ffff66;\">Insekten<\/span><\/a><\/span> -&gt; <span style=\"color: #ffff00;\"><a href=\"http:\/\/woerrlein-naturfoto.de\/wordpress\/hauptseite-insekten\/insekten\/schmetterlinge-2\/\"><span style=\"color: #ffff66;\">Schmetterlinge<\/span><\/a><\/span>-&gt;<a href=\"https:\/\/woerrlein-naturfoto.de\/wordpress\/hauptseite-insekten\/insekten\/schmetterlinge-2\/edelfalter\/\"><span style=\"color: #ffff66;\">Edelfalter<\/span><\/a><br \/>\n<a title=\"Insekten A-Z\" href=\"http:\/\/woerrlein-naturfoto.de\/wordpress\/insekten-a-z\/\">Insekten von A-Z<\/a><br \/>\nzur Galerie <a href=\"https:\/\/woerrlein-naturfoto.de\/wordpress\/hauptseite-insekten\/insekten\/schmetterlinge-2\/edelfalter\/\">Edelfalter<\/a><\/p>\n<p><img loading=\"lazy\" decoding=\"async\" class=\"alignleft wp-image-10024\" src=\"http:\/\/woerrlein-naturfoto.de\/wordpress\/wp-content\/uploads\/2015\/01\/GrosserSchillerfalter_D180617_9703-600x400.jpg\" alt=\"\" width=\"600\" height=\"400\" \/>Der <b>Gro\u00dfe Schillerfalter<\/b> (<i>Apatura iris<\/i>) ist ein Schmetterling der Gattung <i>Apatura<\/i> in der Familie der Edelfalter. Der Gro\u00dfe Schillerfalter war in Deutschland im Jahr 2011 <i><a title=\"Schmetterling des Jahres\" href=\"https:\/\/de.wikipedia.org\/wiki\/Schmetterling_des_Jahres\" target=\"_blank\" rel=\"noopener noreferrer\">Schmetterling des Jahres<\/a><\/i>.<br \/>\nDer Gro\u00dfe Schillerfalter \u00e4hnelt dem Kleinen Schillerfalter (<i>Apatura ilia<\/i>). Beide k\u00f6nnen auch gemeinsam angetroffen werden. Die Falter von <i>Apatura iris<\/i> erreichen eine Fl\u00fcgelspannweite von 55 bis \u00fcber 70 Millimeter. Die Fl\u00fcgeloberseiten haben eine schwarzbraune Grundf\u00e4rbung und weisen an den Vorderfl\u00fcgeln Reihen wei\u00dfer Flecken <a class=\"mw-redirect\" title=\"Postdiskalregion\" href=\"https:\/\/de.wikipedia.org\/wiki\/Postdiskalregion\" target=\"_blank\" rel=\"noopener noreferrer\">postdiskal<\/a> und in der <a class=\"mw-redirect\" title=\"Diskalregion\" href=\"https:\/\/de.wikipedia.org\/wiki\/Diskalregion\" target=\"_blank\" rel=\"noopener noreferrer\">Diskalregion<\/a> auf, an den Hinterfl\u00fcgeln diskal eine wei\u00dfe Binde. Dar\u00fcber hinaus zeigen die Oberseiten bei m\u00e4nnlichen Schillerfaltern als typischen blauen Schiller einen vom Betrachtungswinkel abh\u00e4ngigen irisierenden Effekt, der durch winzige Luftkammern in den Schuppen hervorgerufen wird und bei den wenig gr\u00f6\u00dferen Weibchen fehlt.<br \/>\nDie Fl\u00fcgelunterseiten sind kastanienbraun mit olivgrauer Musterung, daneben finden sich in der Diskalregion der Vorderfl\u00fcgel wei\u00dfe Flecken und in Zelle 2 ein orangefarbig gefasstes dunkles Auge mit hellem Kern. Die Hinterfl\u00fcgel haben zackenf\u00f6rmige Ausbuchtungen und tragen auf der Unterseite wie oberseits ein wei\u00dfes Diskalband, au\u00dferdem postdiskal einen kleinen dunklen Fleck, unterseits mit hellem Kern. Auf der Hinterfl\u00fcgeloberseite wird er mit orangem Ring zum Augenfleck.<br \/>\nDie Tiere kommen in ganz Mitteleuropa in den Norden bis zum 60. Breitengrad, nach Osten hin \u00fcber Zentralasien bis in den Nordosten Chinas und Korea vor. Man findet sie bis in eine H\u00f6he von 1.500 Metern. Sie fehlen in Mittel- und Nordengland, Irland, Skandinavien und S\u00fcdeuropa. Man findet sie in lichten Auw\u00e4ldern und Laubmischw\u00e4ldern. Wichtigster Anspruch an das Biotop ist die Anwesenheit von Weiden.<sup id=\"cite_ref-Bellmann_2-2\" class=\"reference\"><\/sup><\/p>\n<p><strong>Flugzeit:<\/strong>\u00a0\u00a0\u00a0\u00a0 Mitte Juni bis Mitte August, in einer Generation.<\/p>\n<p>Zur Galerie <a href=\"https:\/\/woerrlein-naturfoto.de\/wordpress\/hauptseite-insekten\/insekten\/schmetterlinge-2\/edelfalter\/\">Edelfalter<\/a><\/p>\n<p><em>Quelle des Textauszuges und weitere Infos bei <\/em><a href=\"https:\/\/de.wikipedia.org\/wiki\/Gro%C3%9Fer_Schillerfalter\" target=\"_blank\" rel=\"noopener noreferrer\">Wikipedia<\/a><em> (<\/em><a href=\"http:\/\/www.gnu.org\/licenses\/fdl-1.3.txt\" target=\"_blank\" rel=\"noopener noreferrer\">GNU-Lizenz<\/a><em>)\u2013 mein Dank gilt den <\/em><a href=\"https:\/\/de.wikipedia.org\/w\/index.php?title=Gro%C3%9Fer_Schillerfalter&amp;action=history\" target=\"_blank\" rel=\"noopener noreferrer\">Autoren<\/a><em>.<\/em><\/p>\n","protected":false},"excerpt":{"rendered":"<p>Insekten -&gt; Schmetterlinge-&gt;Edelfalter Insekten von A-Z zur Galerie Edelfalter Der Gro\u00dfe Schillerfalter (Apatura iris) ist ein Schmetterling der Gattung Apatura in der Familie der Edelfalter. Der Gro\u00dfe Schillerfalter war in Deutschland im Jahr 2011 Schmetterling des Jahres. Der Gro\u00dfe Schillerfalter \u00e4hnelt dem Kleinen Schillerfalter (Apatura ilia). Beide k\u00f6nnen auch gemeinsam angetroffen werden. Die Falter von &hellip; <a href=\"https:\/\/woerrlein-naturfoto.de\/wordpress\/edelfalter-a-z\/grosser-schillerfalter\/\" class=\"more-link\"><span class=\"screen-reader-text\">Gro\u00dfer Schillerfalter<\/span> weiterlesen <span class=\"meta-nav\">&rarr;<\/span><\/a><\/p>\n","protected":false},"author":1,"featured_media":0,"parent":11134,"menu_order":0,"comment_status":"closed","ping_status":"closed","template":"page-templates\/full-width.php","meta":{"footnotes":""},"class_list":["post-10042","page","type-page","status-publish","hentry"],"_links":{"self":[{"href":"https:\/\/woerrlein-naturfoto.de\/wordpress\/wp-json\/wp\/v2\/pages\/10042","targetHints":{"allow":["GET"]}}],"collection":[{"href":"https:\/\/woerrlein-naturfoto.de\/wordpress\/wp-json\/wp\/v2\/pages"}],"about":[{"href":"https:\/\/woerrlein-naturfoto.de\/wordpress\/wp-json\/wp\/v2\/types\/page"}],"author":[{"embeddable":true,"href":"https:\/\/woerrlein-naturfoto.de\/wordpress\/wp-json\/wp\/v2\/users\/1"}],"replies":[{"embeddable":true,"href":"https:\/\/woerrlein-naturfoto.de\/wordpress\/wp-json\/wp\/v2\/comments?post=10042"}],"version-history":[{"count":6,"href":"https:\/\/woerrlein-naturfoto.de\/wordpress\/wp-json\/wp\/v2\/pages\/10042\/revisions"}],"predecessor-version":[{"id":13281,"href":"https:\/\/woerrlein-naturfoto.de\/wordpress\/wp-json\/wp\/v2\/pages\/10042\/revisions\/13281"}],"up":[{"embeddable":true,"href":"https:\/\/woerrlein-naturfoto.de\/wordpress\/wp-json\/wp\/v2\/pages\/11134"}],"wp:attachment":[{"href":"https:\/\/woerrlein-naturfoto.de\/wordpress\/wp-json\/wp\/v2\/media?parent=10042"}],"curies":[{"name":"wp","href":"https:\/\/api.w.org\/{rel}","templated":true}]}}

Großer Schillerfalter

<p><span style="color: #ffff00;"><a href="http://woerrlein-naturfoto.de/wordpress/insekten/"><span style="color: #ffff66;">Insekten</span></a></span> -&gt; <span style="color: #ffff00;"><a href="http://woerrlein-naturfoto.de/wordpress/hauptseite-insekten/insekten/schmetterlinge-2/"><span style="color: #ffff66;">Schmetterlinge</span></a></span>-&gt;<a href="https://woerrlein-naturfoto.de/wordpress/hauptseite-insekten/insekten/schmetterlinge-2/edelfalter/"><span style="color: #ffff66;">Edelfalter</span></a><br />
<a title="Insekten A-Z" href="http://woerrlein-naturfoto.de/wordpress/insekten-a-z/">Insekten von A-Z</a><br />
zur Galerie <a href="https://woerrlein-naturfoto.de/wordpress/hauptseite-insekten/insekten/schmetterlinge-2/edelfalter/">Edelfalter</a></p>
<p><img loading="lazy" decoding="async" class="alignleft wp-image-10024" src="http://woerrlein-naturfoto.de/wordpress/wp-content/uploads/2015/01/GrosserSchillerfalter_D180617_9703-600x400.jpg" alt="" width="600" height="400" />Der <b>Große Schillerfalter</b> (<i>Apatura iris</i>) ist ein Schmetterling der Gattung <i>Apatura</i> in der Familie der Edelfalter. Der Große Schillerfalter war in Deutschland im Jahr 2011 <i><a title="Schmetterling des Jahres" href="https://de.wikipedia.org/wiki/Schmetterling_des_Jahres" target="_blank" rel="noopener noreferrer">Schmetterling des Jahres</a></i>.<br />
Der Große Schillerfalter ähnelt dem Kleinen Schillerfalter (<i>Apatura ilia</i>). Beide können auch gemeinsam angetroffen werden. Die Falter von <i>Apatura iris</i> erreichen eine Flügelspannweite von 55 bis über 70 Millimeter. Die Flügeloberseiten haben eine schwarzbraune Grundfärbung und weisen an den Vorderflügeln Reihen weißer Flecken <a class="mw-redirect" title="Postdiskalregion" href="https://de.wikipedia.org/wiki/Postdiskalregion" target="_blank" rel="noopener noreferrer">postdiskal</a> und in der <a class="mw-redirect" title="Diskalregion" href="https://de.wikipedia.org/wiki/Diskalregion" target="_blank" rel="noopener noreferrer">Diskalregion</a> auf, an den Hinterflügeln diskal eine weiße Binde. Darüber hinaus zeigen die Oberseiten bei männlichen Schillerfaltern als typischen blauen Schiller einen vom Betrachtungswinkel abhängigen irisierenden Effekt, der durch winzige Luftkammern in den Schuppen hervorgerufen wird und bei den wenig größeren Weibchen fehlt.<br />
Die Flügelunterseiten sind kastanienbraun mit olivgrauer Musterung, daneben finden sich in der Diskalregion der Vorderflügel weiße Flecken und in Zelle 2 ein orangefarbig gefasstes dunkles Auge mit hellem Kern. Die Hinterflügel haben zackenförmige Ausbuchtungen und tragen auf der Unterseite wie oberseits ein weißes Diskalband, außerdem postdiskal einen kleinen dunklen Fleck, unterseits mit hellem Kern. Auf der Hinterflügeloberseite wird er mit orangem Ring zum Augenfleck.<br />
Die Tiere kommen in ganz Mitteleuropa in den Norden bis zum 60. Breitengrad, nach Osten hin über Zentralasien bis in den Nordosten Chinas und Korea vor. Man findet sie bis in eine Höhe von 1.500 Metern. Sie fehlen in Mittel- und Nordengland, Irland, Skandinavien und Südeuropa. Man findet sie in lichten Auwäldern und Laubmischwäldern. Wichtigster Anspruch an das Biotop ist die Anwesenheit von Weiden.<sup id="cite_ref-Bellmann_2-2" class="reference"></sup></p>
<p><strong>Flugzeit:</strong>     Mitte Juni bis Mitte August, in einer Generation.</p>
<p>Zur Galerie <a href="https://woerrlein-naturfoto.de/wordpress/hauptseite-insekten/insekten/schmetterlinge-2/edelfalter/">Edelfalter</a></p>
<p><em>Quelle des Textauszuges und weitere Infos bei </em><a href="https://de.wikipedia.org/wiki/Gro%C3%9Fer_Schillerfalter" target="_blank" rel="noopener noreferrer">Wikipedia</a><em> (</em><a href="http://www.gnu.org/licenses/fdl-1.3.txt" target="_blank" rel="noopener noreferrer">GNU-Lizenz</a><em>)– mein Dank gilt den </em><a href="https://de.wikipedia.org/w/index.php?title=Gro%C3%9Fer_Schillerfalter&amp;action=history" target="_blank" rel="noopener noreferrer">Autoren</a><em>.</em></p>

<p>Insekten -&gt; Schmetterlinge-&gt;Edelfalter Insekten von A-Z zur Galerie Edelfalter Der Große Schillerfalter (Apatura iris) ist ein Schmetterling der Gattung Apatura in der Familie der Edelfalter. Der Große Schillerfalter war in Deutschland im Jahr 2011 Schmetterling des Jahres. Der Große Schillerfalter ähnelt dem Kleinen Schillerfalter (Apatura ilia). Beide können auch gemeinsam angetroffen werden. Die Falter von &hellip; <a href="https://woerrlein-naturfoto.de/wordpress/edelfalter-a-z/grosser-schillerfalter/" class="more-link"><span class="screen-reader-text">Großer Schillerfalter</span> weiterlesen <span class="meta-nav">&rarr;</span></a></p>
